21212211102020
In base 2, what is 110011010 + 1000001101111000111?
1000001110101100001
In base 15, what is 2 + -227c53?
-227c51
In base 12, what is -13219 - -66?
-13173
In base 4, what is 1 - 2132322000?
-2132321333
In base 14, what is 0 - 3329337?
-3329337
In base 16, what is 8d3e8c - -e?
8d3e9a
In base 8, what is 1 - 12732126?
-12732125
In base 14, what is -23db9a6 - 26?
-23db9cc
In base 6, what is 25230230 + 40?
25230310
In base 5, what is 221 + -23200320?
-23200044
In base 15, what is d5 - -c678b?
c6871
In base 7, what is -6240613661 + 3?
-6240613655
In base 12, what is 77858 + -147?
77711
In base 2, what is -1001000 - 111111110110001011?
-111111110111010011
In base 6, what is 120333204550 + -3?
120333204543
In base 8, what is 3673521 - -637?
3674360
In base 11, what is 0 - 1a056351?
-1a056351
In base 3, what is 10201211110100 + 11?
10201211110111
In base 10, what is 100 - -376855?
376955
In base 5, what is -2 + -3401412104?
-3401412111
In base 16, what is 106 - -10eb0?
10fb6
In base 3, what is 101212201002002102 + 11?
101212201002002120
In base 8, what is -31 - -47474746?
47474715
In base 15, what is -5 - -e5a07e?
e5a079
In base 3, what is -11 - -22202012212211?
22202012212200
In base 7, what is 45 + 14032156?
14032234
In base 3, what is 11 - -1121210202200010?
1121210202200021
In base 14, what is 5 + -25c666b7?
-25c666b2
In base 12, what is 323b2 - 314?
3209a
In base 9, what is 7 + -10850166?
-10850158
In base 14, what is -84 + -a972?
-aa16
In base 7, what is -104345063 + -5?
-104345101
In base 14, what is -4 + -863721?
-863725
In base 10, what is -65 + -1659663?
-1659728
In base 7, what is -2020010 + -342?
-2020352
In base 8, what is 1030064 + 21?
1030105
In base 7, what is -2065014 - -11?
-2065003
In base 7, what is -60561645 + 26?
-60561616
In base 5, what is -10 - 344344404?
-344344414
In base 9, what is 8 + -1053177?
-1053168
In base 10, what is 8752052 + 6?
8752058
In base 12, what is 231576 - 299?
231299
In base 16, what is 124c - -2178?
33c4
In base 14, what is 108bda - 16?
108bc4
In base 15, what is -110dc16 - 0?
-110dc16
In base 7, what is 36324421 + 24?
36324445
In base 12, what is -2 - 1b02843?
-1b02845
In base 11, what is -252077 + -345?
-252411
In base 4, what is -2310 + 1120202033?
1120133123
In base 12, what is b499a0 + 23?
b49a03
In base 7, what is 200162 + 10205?
210400
In base 16, what is 20a176 - 13?
20a163
In base 15, what is -3 + b088a8?
b088a5
In base 12, what is -3ab - b40a7?
-b4496
In base 8, what is -2250 + -712?
-3162
In base 13, what is -7 - -3b6042?
3b6038
In base 15, what is -6 + 27d6c6?
27d6c0
In base 7, what is -3 + -12363234?
-12363240
In base 14, what is -5dc992 + 47?
-5dc949
In base 16, what is -7d0192 + 7?
-7d018b
In base 3, what is -2201220112210 + -220012?
-2201221102222
In base 4, what is -101 + 111032032300?
111032032133
In base 4, what is 20211130 - 1223?
20203301
In base 6, what is 22 + 313203001?
313203023
In base 13, what is 776840 + -71?
77679c
In base 11, what is -119890 + 1282?
-118609
In base 15, what is -242b6c - 4e?
-242bbb
In base 9, what is 87018 + -377?
86531
In base 16, what is -3e + -258dc?
-2591a
In base 3, what is -211110201201 + 211?
-211110200220
In base 9, what is -17003 - 774?
-17777
In base 8, what is -10413 + -14177?
-24612
In base 7, what is -4401234 - -256?
-4400645
In base 13, what is 424b2 - -195?
42677
In base 6, what is 1351033 - 5120?
1341513
In base 9, what is 212865475 - -1?
212865476
In base 12, what is 121407 - -32?
121439
In base 3, what is -20120220100002 + -20?
-20120220100022
In base 15, what is 209a67e + 4?
209a683
In base 2, what is 1000011101100100 + -110000001100?
111101101011000
In base 16, what is -5df178 + -9?
-5df181
In base 3, what is 11 + 11210121110110?
11210121110121
In base 14, what is -4 - cbcd982?
-cbcd986
In base 9, what is -2063176 - 0?
-2063176
In base 5, what is -14304 - -101120211?
101100402
In base 11, what is 2 + -6666463?
-6666461
In base 14, what is -3 - 153ba6c6?
-153ba6c9
In base 7, what is 14130251023 - -3?
14130251026
In base 12, what is -7a0a787 + 4?
-7a0a783
In base 5, what is 3214140 + 321?
3220011
In base 7, what is -366 - 2260140?
-2260536
In base 14, what is -b769c1a - -4?
-b769c16
In base 16, what is 15397 - -310?
156a7
In base 6, what is -33100 - -10240?
-22420
In base 12, what is 197 - 2896?
-26bb
In base 12, what is b3 - 71ab2?
-719bb
In base 16, what is c7144ca + -3?
c7144c7
In base 8, what is 3 - 156447351?
-156447346
In base 5, what is -30114 - -123233?
43114
In base 14, what is -106d7 + -14?
-1070b
In base 15, what is e106 - 110?
dee6
In base 9, what is -22272 + -21323?
-43605
In base 16, what is -5 - -3195937?
3195932
In base 14, what is 14dc0 - a42?
1437c
In base 5, what is 2221210 + -111?
2221044
In base 8, what is 4 - -31024524?
31024530
In base 7, what is 6 + 153440?
153446
In base 14, what is -11a8d2c7 - -2?
-11a8d2c5
In base 16, what is 10caa79 - -4?
10caa7d
In base 4, what is -1233 - 30101113321?
-30101121220
In base 16, what is 2ce2c + 15?
2ce41
In base 10, what is -52295 + 467?
-51828
In base 6, what is -300 - 10402323?
-10403023
In base 7, what is 124313 - -505?
125121
In base 8, what is -326 + 66434?
66106
In base 11, what is -5 + 1137963?
1137959
In base 4, what is 31032 + -2101321?
-2010223
In base 15, what is -15358de4 + -1?
-15358de5
In base 11, what is 1 - 148391940?
-14839193a
In base 13, what is -4867 + 1841?
-3026
In base 14, what is -1259 + 7949?
66d0
In base 8, what is 430267442 - -2?
430267444
In base 13, what is 112b1949c - 0?
112b1949c
In base 12, what is 427633 - 2?
427631
In base 9, what is -26027 - -12158?
-13758
In base 2, what is 110111100011101 + 11011?
110111100111000
In base 7, what is 2421163 + 452?
2421645
In base 6, what is -21450 - -103552?
42102
In base 13, what is 7 - 1a92b8?
-1a92b1
In base 11, what is -224 + -29093?
-29307
In base 13, what is -354b90 - -1?
-354b8c
In base 13, what is 43a27 - -2b?
43a55
In base 2, what is 1011000001000110000101011 - -1011?
1011000001000110000110110
In base 11, what is 149592 - -102?
149694
In base 15, what is -433d14 + 13?
-433d01
In base 12, what is -720727 - 5a?
-720785
In base 5, what is 10341421231 + -10?
10341421221
In base 10, what is 4399118 + 16?
4399134
In base 14, what is -4d00 + 2a3?
-4a3b
In base 6, what is -323131314 + 302?
-323131012
In base 5, what is -4320422 - -30231?
-4240141
In base 4, what is -121 + 2132210221?
2132210100
In base 10, what is 9895764 - 2?
9895762
In base 13, what is -6 - 11cac27?
-11cac30
In base 4, what is -1021320202212 - -2?
-1021320202210
In base 10, what is -604 + -137211?
-137815
In base 14, what is -1bca - 457?
-2243
In base 12, what is -2b63a66 + 2?
-2b63a64
In base 16, what is 1df92 - -b2?
1e044
In base 15, what is -2 + 1242e47d?
1242e47b
In base 13, what is -42 - -564c2?
56480
In base 10, what is 8 + 15773087?
15773095
In base 12, what is -10 + -16649b?
-1664ab
In base 5, what is 24 - 14201240322?
-14201240243
In base 3, what is 102001210222100000 + 10?
102001210222100010
In base 9, what is -78626012 - -23?
-78625878
In base 15, what is -e9 - 1373c?
-13836
In base 10, what is -3 + -12087117?
-12087120
In base 16, what is -1 + -13c027?
-13c028
In base 11, what is 418879 - 61?
418818
In base 4, what is 0 + 2110210121?
2110210121
In base 7, what is -26344666 - -44?
-26344622
In base 11, what is -4 - 318801a?
-3188023
In base 4, what is -11 + 3020210112010?
3020210111333
In base 14, what is -2 - -2469a948?
2469a946
In base 16, what is -38ce - ceb?
-45b9
In base 16, what is -3 - -590dbc?
590db9
In base 4, what is 2313223032 - -311?
2313230003
In base 14, what is -501b280b + -4?
-501b2811
In base 16, what is -2a - -8b1c9?
8b19f
In base 8, what is -623344 + -50?
-623414
In base 9, what is 886 - -160563?
161560
In base 10, what is -164 - -670351?
670187
In base 11, what is 7a57873 + 6?
7a57879
In base 13, what is 40 - -659c4?
65a34
In base 16, what is 3d - 2dc169?
-2dc12c
In base 2, what is 101 - 11100001110111010001011?
-11100001110111010000110
In base 6, what is -115102324 + -543?
-115103311
In base 4, what is -11320211303 - -3?
-11320211300
In base 4, what is -131103332313200 + -3?
-131103332313203
In base 2, what is -1000101111000101000110101 + -1?
-1000101111000101000110110
In base 5, what is -131443